me factors of l(-12)?
53
Let r = -2 - -4. Let o(k) = -k**3 - 25*k**2 + 26*k + 18. Let y be o(-26). Suppose -r = 2*i - y. What are the prime factors of i?
2
List the prime factors of (-65)/(-55) + -1 + (-63189)/(-33).
5, 383
Let v be -2 - (2 + -303) - -3. Let a = v - 181. What are the prime factors of a?
11
Let w = 29 - 19. Suppose -2*s = 3*h - 8, -2*s = 2*h + 2*s - 16. Suppose h = 13*d - w*d - 147. List the prime factors of d.
7
Suppose -10 = w - 3. Let o be 0 - (1 - w) - 2. What are the prime factors of o/(-20) + 35/2?
2, 3
Suppose -8 + 0 = -4*r. Let l be (r - -12) + (-1 - 1). Suppose -2*j + l = -0*j. List the prime factors of j.
2, 3
Let l(j) = 5*j - 11. Let a = 13 - 19. Let u = 13 + a. List the prime factors of l(u).
2, 3
Suppose 2 + 7 = 3*n. Let k be n + (-12 - (1 - 1)). List the prime factors of k/(-3) - (1 - 17).
19
Suppose 0 = 4*b - 8. Suppose b*d = v + 89, -2*d + v + 45 = -d. Suppose -6*w + 4*w = -d. List the prime factors of w.
2, 11
Let c(r) = 2*r**3 - 8*r**2 - 3*r - 28. Let s(x) = -x**3 + 4*x**2 + x + 14. Let n(z) = -3*c(z) - 7*s(z). List the prime factors of n(6).
2, 5, 7
Suppose -601 = -5*f + 3*z + 2, 0 = -5*f - 3*z + 597. Suppose 0 = -10*w + 7*w + f. What are the prime factors of w?
2, 5
Suppose 2*s = -0*s - 10. List the prime factors of s/((-10)/192) + -4.
2, 23
Suppose -1836 = -82*i + 76*i. What are the prime factors of i?
2, 3, 17
Let q be 2 + 9/3 + 2539. List the prime factors of (q/(-36))/((-1)/3).
2, 53
Suppose 80*c - 8295 = 88585. What are the prime factors of c?
7, 173
Let r(g) = -g**3 + 6*g**2 - 3*g + 5. Let o be r(5). Suppose 0 = 4*v - o - 29. List the prime factors of 218/v - (-4)/22.
2, 5
Suppose -10*d - 11478 = -3*w - 8*d, 5*w - 19152 = -4*d. List the prime factors of w.
2, 3, 11, 29
Let o(r) = 73*r - 461. List the prime factors of o(46).
2897
Suppose 10*b - 7*b - 18132 = 0. Suppose b = 15*v + 1919. List the prime factors of v.
5, 11
Let i(q) = -q**2 - 33*q - 230. What are the prime factors of i(-20)?
2, 3, 5
Suppose -701*n + 696*n + 420 = 0. What are the prime factors of n?
2, 3, 7
Let s(h) = h**3 - 8*h + 3. Let u = 68 - 64. What are the prime factors of s(u)?
5, 7
List the prime factors of ((-23)/2)/(41/(-1066)).
13, 23
List the prime factors of (-61*(20 - -11))/(-1).
31, 61
Suppose 200 = 2*u - 336. List the prime factors of u.
2, 67
Let p = 103 + -98. Suppose 2*c = p*c - 639. List the prime factors of c.
3, 71
Let k be 2 + (-5)/(10/178). Let d = 154 + k. List the prime factors of d.
67
Let f(r) = -6*r - 24. Let l be f(-4). Suppose g - 4*g + 541 = 4*k, -5*k - 4*g + 677 = l. What are the prime factors of k?
7, 19
Let s = -962 - -1439. What are the prime factors of s?
3, 53
Suppose -11 = -5*r - 3*k, -k = 2*r - 5*k - 20. Suppose -432 = -2*i - r*i. List the prime factors of i.
2, 3
What are the prime factors of 591/6*(-1)/2*-4?
197
Suppose -3*k + 180 = -0*k. Let p(s) = 5*s - k + 60 + s**2. List the prime factors of p(-9).
2, 3
Let x(n) = n - 2. Let u be 9*(-2 + 8/3). Let j be x(u). Suppose j*s - 31 = 45. What are the prime factors of s?
19
Suppose 0 = 14*c - 16*c + 246. Suppose -r + 163 = 3*i, -r + 16 = -3*i - c. What are the prime factors of r?
151
Suppose 3*b = -3*m + 2*b + 1022, -3*b = -5*m + 1694. What are the prime factors of m?
2, 5, 17
Suppose 5*g - 2*g = -2*y + 2163, g = 4*y - 4291. Suppose -y = -6*f - 0*f. What are the prime factors of f?
179
Let g = 732 - 229. What are the prime factors of g?
503
Let w be 0 - (-20)/((-3)/(-3)). Let b = w + -16. Suppose l - 26 = b. List the prime factors of l.
2, 3, 5
Let t be 36/(-10)*(-30)/9. Let r = t - 16. List the prime factors of (-104)/(-3) - r/12.
5, 7
Let a(t) = -t**2 + 5*t. Let l be a(4). Suppose -3*r - l*q = -194, r + 3*q = 6*r - 275. List the prime factors of r.
2, 29
Let w be -7 + 3 - (-90 + -5). Let l = w - -33. What are the prime factors of l?
2, 31
Let s be (-67)/(-2) + (-3)/(-6). Let w = s - 30. What are the prime factors of w?
2
Let n(o) = 17*o + 0*o**2 + 15 - o**2 - 29. What are the prime factors of n(12)?
2, 23
Let n(h) = 3*h**2 + 3*h + 3. Let a be n(-10). Let g = a + -162. What are the prime factors of g?
3, 37
Let r(l) = 29*l**2 - 28*l - 73. What are the prime factors of r(-7)?
2, 193
Suppose 197582 = 31*h + 46*h. What are the prime factors of h?
2, 1283
What are the prime factors of (-7)/(-308)*-4 + 76200/33?
2309
Suppose 0 = w + 3*w - 16. Let s be ((-4)/(-3))/((-4)/(-36)). Suppose s = i - z, -w*z - 65 = -2*i - 3*i. What are the prime factors of i?
17
List the prime factors of (-2767)/(-7) + (-46)/161.
5, 79
Let k = 7560 + -5135. What are the prime factors of k?
5, 97
Let i(j) = 365*j - 4. Let k be i(1). Suppose 115 = h + 5*x, -2*h = h - x - k. List the prime factors of h.
2, 3, 5
Let u be 4/4 + (2 - 0). Suppose 130 = u*f - 284. Suppose -3*z = -f + 24. List the prime factors of z.
2, 19
Suppose 0 = -3*g - d - 564, -106 = 2*g - d + 270. List the prime factors of ((-28)/(-56))/(186/g + 1).
47
Let x(u) = 109*u - 100. What are the prime factors of x(5)?
5, 89
Suppose -23*w + t - 36 = -27*w, 0 = 5*w + t - 46. What are the prime factors of w?
2, 5
List the prime factors of (14/(-35))/(4*(-8)/357040).
4463
Suppose g + 0*g = -3*t - 3, 2*g = 5*t + 16. Let q be 151/(4 + 3/(-1)). Suppose -5*o + q = g*r, 5*o - 5*r - 166 = 9. List the prime factors of o.
2
Let g be 34/(1 + (0 - -1)). Suppose -s + g = 41. Let x = s + 60. List the prime factors of x.
2, 3
Let o(i) be the third derivative of -107*i**4/24 - i**3/6 + 13*i**2. List the prime factors of o(-1).
2, 53
Suppose -9*b - 69 = -537. What are the prime factors of b?
2, 13
Suppose 480 = -3*j + 7*j. Suppose 0 = -4*g - 0*g + j. Suppose -4*s + 95 = 5*o, 3*s - g = o + 27. What are the prime factors of s?
2, 5
Let l = -97 - -39. Let s = l - -115. List the prime factors of s.
3, 19
Let k = 391 - 241. List the prime factors of k.
2, 3, 5
Let t be 2444/34 + (-18)/(-153). Let k = t - 14. What are the prime factors of k?
2, 29
Let q be 124 - -6 - 1*2. Let f = q + -18. Suppose 25 = 5*u - f. List the prime factors of u.
3
Let r(z) = z**3 + 20*z**2 + 18*z - 9. Let j be r(-19). Suppose -5*x - j = -205. What are the prime factors of x?
3, 13
Suppose -2 - 16 = 3*m. What are the prime factors of (1 - -68)/(-1 - 9/m)?
2, 3, 23
Let n = -82 + 84. Suppose 2*f - n*y = 278, 4*f - 2*y = y + 556. List the prime factors of f.
139
Suppose -47 = 13*g - 164. Suppose -5*t + 10 = -4*p, 2*p - 3*t = -1 - 3. Let s = p + g. What are the prime factors of s?
2
Suppose 3*g - 1106 = -5*u, g - 64*u + 60*u = 380. What are the prime factors of g?
2, 3, 31
Let b = 14 + -8. Let v be (2/b)/((-1)/15). Let r(c) = 2*c**2 + c - 10. List the prime factors of r(v).
5, 7
Let v be 2/(-3) + 98/3. Let k(l) = 3*l + 78. Let z be k(-7). Let t = z - v. List the prime factors of t.
5
Let j(s) = 6*s**2 - 15*s + 17. Let m(q) = -5*q**2 + 16*q - 17. Let r(b) = 4*j(b) + 5*m(b). What are the prime factors of r(17)?
2, 17
Suppose 5*i = -4*c + 300 + 2287, 2*i - 649 = -c. What are the prime factors of c?
643
Suppose -25*r + 215 = -20*r. List the prime factors of r.
43
Let h(u) = -u - 1. Suppose -4*c - 5*x - 16 = -2, -4*c - 3*x - 18 = 0. Let l be h(c). Suppose -l = -2*k + 11. What are the prime factors of k?
2
Let i(q) = 3*q**2 - 4*q - 18. Let w be (3 - -2) + (-5 + 0)/(-5). What are the prime factors of i(w)?
2, 3, 11
Let a be (-1)/((-2)/(-110) + (-2)/(-11)). List the prime factors of (5/(-1) - a) + 78/1.
2, 3, 13
Suppose -3 = n, 3*u - 53*n = -55*n + 2886. What are the prime factors of u?
2, 241
Suppose 0 = 2*l - c - 174, -2*c + 4*c = -l + 97. Let u(f) = -53*f**2 + f + 1. Let q be u(-1). Let y = l + q. List the prime factors of y.
2, 3
Suppose -22*k = -29*k + 1918. What are the prime factors of k?
2, 137
Let p = 97 + 15. List the prime factors of p.
2, 7
Let d = 32 + -56. Let p be (-2048)/d*6/4. Suppose p = -u + 3*u. What are the prime factors of u?
2
Suppose -2*q = -0*q - 10. Suppose 4*a + 5*x - 4 = 0, 5*a + q*x + 0*x - 5 = 0. List the prime factors of a*13 + (-15)/5.
2, 5
Let i(z) = z**2 - 15*z + 2. Let k be i(15). Let y be (1/k)/(6/(-12)). List the prime factors of 4/(-2) + y - -9.
2, 3
Let m(a) be the third derivative of 19/2*a**3 + 0 + 1/24*a**4 + 0*a + a**2. List the prime factors of m(0).
3, 19
Suppose 2*l - 543 = -l. Suppose -209 - l = -3*p. What are the prime factors of (